What is the highest common factor of 471595 and 1319365?
1835
What is the greatest common divisor of 63061704 and 918?
306
Calculate the greatest common divisor of 85000 and 968.
8
Calculate the highest common divisor of 9266186 and 10089.
1121
Calculate the greatest common factor of 1870 and 8578625.
935
Calculate the highest common factor of 16485 and 110914377.
3297
What is the highest common factor of 178845 and 1815?
15
What is the highest common factor of 2194404 and 24?
12
What is the greatest common factor of 3190 and 2261275?
145
What is the greatest common divisor of 219726376 and 3882?
1294
What is the highest common divisor of 53238192 and 69?
69
Calculate the greatest common factor of 124 and 36592028.
124
Calculate the highest common factor of 2646252 and 252.
252
What is the highest common divisor of 283679 and 1018809?
451
What is the highest common divisor of 2359370 and 5720?
130
What is the greatest common divisor of 6681753 and 288990?
1521
What is the greatest common divisor of 221742 and 773478?
1746
Calculate the highest common divisor of 35 and 139609372.
7
What is the greatest common divisor of 3815945 and 28?
7
What is the highest common divisor of 93839 and 50718?
107
What is the highest common factor of 19552 and 8032864?
1504
What is the greatest common factor of 344 and 7900820?
172
What is the greatest common factor of 182020 and 7290?
10
Calculate the greatest common divisor of 74420 and 45340.
20
Calculate the highest common divisor of 759 and 15443571.
33
What is the greatest common factor of 2511 and 1461960?
279
Calculate the greatest common divisor of 4788 and 3082142.
266
What is the highest common divisor of 42003401 and 371?
53
What is the greatest common factor of 21677 and 176437?
53
Calculate the highest common divisor of 2092 and 11643026.
1046
What is the highest common divisor of 10194200 and 25?
25
Calculate the greatest common factor of 387216 and 14760.
72
What is the highest common divisor of 34 and 20928581?
17
Calculate the greatest common divisor of 14640 and 55395930.
1830
Calculate the highest common divisor of 3146 and 2601478.
22
What is the greatest common divisor of 33 and 13296151?
11
What is the greatest common factor of 1544320 and 3175?
635
What is the greatest common divisor of 1259968043 and 251?
251
Calculate the highest common factor of 8232 and 124777128.
1176
Calculate the greatest common factor of 212878 and 1630.
326
Calculate the greatest common divisor of 1703680 and 3840.
1280
What is the greatest common factor of 833180 and 160?
20
Calculate the highest common factor of 5179167 and 536.
67
What is the greatest common factor of 509400 and 48150?
450
Calculate the highest common factor of 126 and 41513346.
126
Calculate the highest common divisor of 3568 and 43056.
16
Calculate the highest common factor of 3102 and 6453006.
282
Calculate the greatest common factor of 150 and 98234550.
150
What is the greatest common factor of 1223476250 and 10?
10
Calculate the highest common factor of 1780 and 5146692.
356
Calculate the greatest common divisor of 287730 and 460.
230
Calculate the highest common divisor of 10388 and 214067.
371
What is the highest common divisor of 1 and 1567427?
1
What is the greatest common divisor of 20965080 and 2190?
30
What is the highest common factor of 23416067 and 775?
31
What is the greatest common factor of 9104908 and 156?
4
Calculate the highest common divisor of 276 and 627673220.
92
Calculate the highest common factor of 22029 and 1297613.
1049
What is the greatest common divisor of 616 and 50036308?
28
What is the greatest common factor of 990 and 119313414?
198
What is the highest common divisor of 60720 and 58278?
66
Calculate the highest common divisor of 444 and 206508.
12
What is the greatest common factor of 51891746 and 908?
454
Calculate the greatest common divisor of 12864 and 27370974.
402
Calculate the highest common factor of 62151845 and 7.
7
Calculate the highest common divisor of 306611 and 24256.
379
What is the greatest common divisor of 8745 and 2493915?
795
What is the highest common factor of 114784 and 9952?
32
Calculate the highest common factor of 43 and 102509248.
43
What is the greatest common factor of 387 and 251472987?
387
What is the greatest common factor of 65 and 1029110550?
65
Calculate the greatest common divisor of 4948 and 71156.
4
What is the greatest common factor of 6572 and 253976?
212
What is the highest common divisor of 5825 and 13802221?
233
What is the highest common factor of 14266 and 959898?
2038
Calculate the highest common factor of 9205 and 21988115.
1315
What is the highest common factor of 1211595803 and 44?
11
Calculate the highest common factor of 41976 and 2079.
99
Calculate the greatest common factor of 639 and 3939151.
71
Calculate the greatest common divisor of 395 and 811871466.
79
Calculate the greatest common factor of 10284 and 476491143.
2571
Calculate the greatest common divisor of 30903633 and 3378.
1689
Calculate the greatest common divisor of 25857 and 18976165.
2873
What is the greatest common divisor of 5107674 and 14586?
858
What is the highest common divisor of 362 and 7256?
2
What is the highest common divisor of 12397940 and 180?
20
Calculate the greatest common factor of 7 and 28737940.
7
Calculate the highest common factor of 50 and 738093175.
25
What is the greatest common divisor of 226773353 and 2737?
391
Calculate the greatest common divisor of 14 and 477024.
2
Calculate the highest common divisor of 671 and 2145319.
11
Calculate the greatest common factor of 8384 and 4672.
64
What is the greatest common divisor of 3020320 and 736160?
6880
What is the highest common divisor of 4246 and 68086733?
2123
Calculate the greatest common factor of 127 and 4256591563.
127
Calculate the highest common factor of 23328 and 1534256.
16
Calculate the highest common factor of 1353 and 981376.
451
What is the greatest common divisor of 420 and 2148000120?
420
What is the highest common divisor of 4677670 and 526050?
1670
What is the greatest common divisor of 1171083 and 6519?
123
Calculate the highest common factor of 11658211 and 4923.
547
Calculate the greatest common factor of 27321792 and 13754.
1058
What is the highest common divisor of 1615350 and 20570?
1210
Calculate the greatest common factor of 164936304 and 216.
216
What is the greatest common divisor of 58 and 1790985567?
29
Calculate the highest common divisor of 24076716 and 12.
12
What is the greatest common factor of 1177815 and 30057?
699
What is the greatest common factor of 6632083 and 791?
113
Calculate the greatest common divisor of 70456360 and 688.
344
Calculate the highest common divisor of 91630 and 11385.
55
What is the greatest common divisor of 18411 and 1560603?
1083
What is the highest common divisor of 3445 and 8547565?
65
Calculate the greatest common divisor of 63370034 and 234.
26
What is the greatest common factor of 5257 and 259?
7
Calculate the highest common factor of 76738 and 28122403.
1037
Calculate the highest common factor of 5366445 and 4935.
105
What is the highest common factor of 10720 and 3640160?
160
Calculate the greatest common divisor of 3152013 and 1143.
381
What is the highest common divisor of 80 and 4951504?
16
Calculate the greatest common divisor of 18203 and 344767.
109
What is the highest common factor of 13 and 45013371?
13
Calculate the highest common divisor of 226694 and 102297.
13
Calculate the greatest common factor of 5940 and 358125570.
2970
What is the highest common factor of 31311065 and 185?
185
Calculate the greatest common divisor of 1416126 and 600.
6
Calculate the greatest common divisor of 9843 and 15936396.
579
What is the highest common divisor of 4304937 and 8281?
1183
What is the highest common divisor of 18 and 110564142?
6
What is the highest common factor of 2729564 and 1532?
4
Calculate the greatest common divisor of 1783451 and 10027.
271
What is the highest common divisor of 987390 and 98580?
1590
What is the highest common divisor of 4330 and 580130?
10
Calculate the highest common divisor of 1794750 and 10875.
375
Calculate the highest common divisor of 42875 and 12421745.
1715
Calculate the greatest common divisor of 36596979 and 1